*q + 267 + 206 = 0. Let n = z + 92. What is the remainder when 4/4 - 5 - n is divided by 15?
11
Suppose 0*g - 17*g = -17. Suppose 0 = -i - 3 + g. What is the remainder when (-5814)/(-51) - (i + 1)*2 is divided by 24?
20
Suppose -3*f + 11*i - 10*i + 475 = 0, i - 631 = -4*f. What is the remainder when 1094 is divided by f?
146
Let f be (8 + 34/(-5))/((-1)/370). Let o = 627 + f. What is the remainder when o is divided by 11?
7
Let a(d) = -2*d + 74. Let x be a(36). Suppose -x*v = -v - 28. What is the remainder when v is divided by (10/(-8))/((-2)/24)?
13
Let y = -325 - -712. Suppose 5*p - 1200 = -5*o, 4*o = 3*p - y - 347. Calculate the remainder when p is divided by 35.
32
Let q(k) = -504*k + 1521. Let w(b) = -b**3 - 12*b**2 - 15*b + 16. What is the remainder when w(-11) is divided by q(3)?
6
Let p(v) = 30*v + 1. Let j be p(2). Suppose 3*w = 9, -2*w + j = 5*h - 0. What is the remainder when h is divided by 2*(-6)/2 + (-65 - -77)?
5
Let y be -1 + 4 - 0/5. Suppose -6*i = y*c - i - 67, 4*i - 8 = 0. Suppose -21 = 3*t - 57. What is the remainder when c is divided by t?
7
Let y(f) = f**2 - 24*f + 69. Calculate the remainder when 236/295 + 1026/5 is divided by y(0).
68
Suppose -122*k + 196365 = 37*k. Calculate the remainder when k is divided by 28.
3
Suppose 3*w + 2*w = 2*a + 1010, -189 = -w + 3*a. Calculate the remainder when w is divided by 42.
36
Let z be -50 + (-2)/((-8)/(-4)). Suppose -a - 165 = -2*r, 3*r - 4*r + 2*a = -81. Let g = r + z. What is the remainder when 127 is divided by g?
31
Suppose 72*v = 41*v + 62 + 93. Let u(o) = o**2 - 8*o - 7. What is the remainder when u(-6) is divided by v?
2
Suppose 0 = 2*m - 5*m + 6. Let f(b) = 28*b - 3. Suppose 0 = -46*g - 319*g + 4015. Calculate the remainder when f(m) is divided by g.
9
Let o(i) = -9*i**3 + 5*i + 12*i - 26*i + 8*i. Let k be o(1). Let x(l) = -l + 9. What is the remainder when 35 is divided by x(k)?
16
Let m(f) = -f**2 - 24*f + 18. Let p be m(-12). Let s be (-2)/4 + p/12. What is the remainder when 49 is divided by (s/6)/((-3)/(-18))?
10
Let r(w) be the third derivative of -w**4/8 + 19*w**3/3 - 14*w**2. Let z be r(0). Suppose 2*u - u - z = 0. Calculate the remainder when u is divided by 20.
18
Let c(h) = -9*h - 209. Let b be ((-338)/(-10) + 152/(-190))/(-1). What is the remainder when 103 is divided by c(b)?
15
Let y = -5036 + 6150. Calculate the remainder when y is divided by 28.
22
Let h(f) = -f**3 - 11*f**2 + 8*f - 21. Let u be h(-12). Let l = 35 - u. What is the remainder when (-7)/((-42)/9)*36 is divided by l?
6
Calculate the remainder when 800 is divided by (19 - 1)*(-5)/(-3).
20
Let i = 363 + -510. Let d = -94 - i. Suppose -20 = -54*o + d*o. What is the remainder when 77 is divided by o?
17
Suppose 82*y - 1332 = -84*y + 148*y. Suppose -266 = -5*v + 454. What is the remainder when v is divided by y?
70
Let u = -4740 - -4864. What is the remainder when 259 is divided by u?
11
Calculate the remainder when 68 is divided by 31/93 - 267/(-9).
8
Suppose 2*x = 6*f + 1928, 3*x - 4*f + 24 = 2896. What is the remainder when x is divided by 939?
13
Let y be ((-81)/18)/((-9)/6). Suppose a - 34 = 3*f, -y*a + 2*f = 4*f - 47. Calculate the remainder when 37 is divided by a.
18
Suppose -2*k + 317 = y, -2*y + 386 + 252 = 5*k. What is the remainder when y is divided by 53?
44
Let i be 1 + 2/2 + 1. Suppose t + 64 = 3*g, g = 2*g - i*t - 16. Calculate the remainder when g is divided by (-6)/((-644)/(-56) + -12).
10
Suppose 0 = -3*p - 5*c + 33275, -374*p = -370*p + 2*c - 44348. Calculate the remainder when p is divided by 66.
63
Let s = -541 - -1380. Suppose -14*x = -589 - s. Calculate the remainder when x is divided by 4.
2
Let k(c) = -9*c + 7. What is the remainder when 2/(-5) - 19711/(-115) is divided by k(-2)?
21
What is the remainder when 231 + -3 - (5 - (4 - -9)) is divided by 24?
20
Let s(t) = -32 - t + t**2 - 14*t - 7*t. Calculate the remainder when 46 is divided by s(24).
14
Suppose -2*s + 2*h = -130, -s + 97 - 26 = 2*h. Suppose 482*l - 477*l - 2*n - 78 = 0, -30 = -2*l + 2*n. Calculate the remainder when s is divided by l.
3
Let i(x) = 7*x - 65. Let o(w) = 7*w - 64. Let b(a) = -4*i(a) + 6*o(a). Calculate the remainder when b(13) is divided by (-26)/4*-2 + 2.
13
Suppose -5923 = -95*o - 603. Calculate the remainder when o is divided by 11.
1
Suppose -7*f - 16 + 9 = 0. What is the remainder when -2*f*215/(-30)*-3 is divided by 15?
13
Let i(p) = -4*p**3 - 5*p**2 + 6*p - 29. Let x be i(-5). Suppose 0 = -2*a, -2*g - 43*a + x = -39*a. What is the remainder when g is divided by 32?
30
Let g(u) = -u**3 + 94*u**2 + 87*u + 829. Calculate the remainder when 139 is divided by g(95).
1
Suppose 4*b + 844 = 4*r, -4*r - 5*b + 205 = -3*r. Let z be 77/(-35)*-5 - 4. Suppose 3*q - r = -z*q. What is the remainder when 60 is divided by q?
18
Let k(b) = 48*b - 333. Let v be k(7). Suppose -850 = v*m - 5*m - 2*t, -4*t = 2*m - 856. What is the remainder when m is divided by 25?
22
Suppose 1 = p - 8. Calculate the remainder when 201 is divided by (-620)/(-15) + (-1 + -2)/p.
37
Suppose -7 - 5 = 6*n. Let h be 0 + (n - -4 - 0). Suppose -5*x - s + 135 = -h*s, -5*s + 79 = 4*x. What is the remainder when x is divided by 15?
11
Let o = -13305 - -13882. Calculate the remainder when o is divided by 40.
17
Let k(v) = -175*v**2 + v - 33. Let p be k(-11). Let w = -32405 - p. What is the remainder when 6/15 - w/35 is divided by 23?
21
Let k(w) = w**3 + 7*w**2 + 8*w + 6. What is the remainder when (-30)/9 - 85202/(-1131) is divided by k(-5)?
8
Suppose 440 = 9*c - c. Let o = -53 + c. Suppose 0 = 5*m + o*a - 100, 0 = -0*m - 5*m + 5*a + 65. Calculate the remainder when 69 is divided by m.
15
Suppose 0 = 8*x - 23*x + 225. Suppose 15 = b + 11*q - x*q, -3*q = -15. What is the remainder when b is divided by 9?
8
Let a(o) be the first derivative of o**3/3 + 18*o**2 + 3*o + 224. Calculate the remainder when 13 is divided by a(-36).
1
Let i(t) = -t**3 + 9*t**2 - 9*t + 9. Calculate the remainder when i(6) is divided by (-35 + (-1045)/(-30))*-36.
3
Suppose 15*a + 5100 = 35*a. What is the remainder when 521 is divided by a?
11
Suppose -2*j + 62 = -56. Suppose -k = 5*g - j, 3*k + 2*g - 149 = g. What is the remainder when k is divided by 18?
13
Suppose d - 4*q + 126 = 2*d, 192 = 2*d - 4*q. Let u = -75 + d. Suppose -31*h + 42*h - 1694 = 0. Calculate the remainder when h is divided by u.
30
Suppose -91 + 1671 = 57*g - 700. What is the remainder when 1454 is divided by g?
14
Let b be 1/3 - 910/(-78). Suppose -2*l = -2*d - b, 0 = d - 4*d + 3. Calculate the remainder when 80 is divided by l.
3
Let v = 375 + -257. Suppose 0*q - 2*x + 61 = q, 2*q - v = -2*x. Calculate the remainder when q is divided by 5 - ((-6 - -3) + -7).
12
Let s(y) = 11*y - 28. Calculate the remainder when s(20) is divided by -7 + (-3)/(-5) + (-1287)/(-55).
5
Let p = -124 + 149. Let g = p - 13. What is the remainder when 31 is divided by g?
7
Calculate the remainder when (30/12)/((-126145)/(-21020) + -6) is divided by 27.
23
Let r = 1224 - 1200. Calculate the remainder when 6/(-27) - (-335)/9 is divided by r.
13
Suppose -9340*k + 60 = -9330*k. Calculate the remainder when 400 is divided by k.
4
Suppose -2*c = 4*d - 20, -d + 2*c - 3 - 2 = 0. Suppose -k + 2*t = -d*k + 26, -5*t + 57 = 4*k. What is the remainder when (19/(-2))/(106/(-424)) is divided by k?
6
Suppose -4*p - 5*f + 353 = 0, -34*f = 5*p - 33*f - 415. Suppose p*u - 1455 = 67*u. Calculate the remainder when 483 is divided by u.
95
Suppose 0 = p - 80 + 5. Suppose -k = -2*j + p, -3*j - 5*k + 29 = -116. Calculate the remainder when (19 + (-5)/5)/(2/13) is divided by j.
37
Let k(h) = -4*h**2 + 411*h - 47. What is the remainder when k(102) is divided by 100?
59
Suppose -733 = -22*f - 139. Suppose f*x - 76 = 59. Calculate the remainder when 84 is divided by x.
4
Let b(v) = 26*v**2 + 34*v - 165. What is the remainder when b(4) is divided by 45?
27
Let g(v) = -32*v**3 + 2*v**2 + v. Suppose 6*u = 14 + 46. Suppose -64 + u = -3*j. What is the remainder when g(-1) is divided by j?
15
Let d(s) = s**2 - 32*s + 14. Let g be d(15). Let h = g + 374. Let t(n) = n**3 + 14*n**2 - 16*n + 19. What is the remainder when h is divided by t(-15)?
31
Calculate the remainder when -2*(-5390)/(-8)*(-126)/105 is divided by 18.
15
Let x = -98 + 179. Let k be ((